 -5*g**3 - 372*g**2 - 138*g + 744. Determine p(-74).
4
Let f(m) = -m**3 - m**2 - 256*m - 18. Determine f(0).
-18
Let j(s) = 2*s**3 + 19*s**2 - 41*s - 82. Calculate j(-11).
6
Let u(z) = z**2 + 23*z + 1. Determine u(7).
211
Let j(x) = -72*x + 242. What is j(3)?
26
Let j(k) = -k**2 + 34*k - 297. Calculate j(17).
-8
Let u(k) = -39*k**2 - 40*k + 43. Determine u(-3).
-188
Let c(l) = 225*l + 45902. Calculate c(-204).
2
Let p(l) = l**2 - 39*l - 2. Calculate p(38).
-40
Let u(z) = 2*z**3 + 4*z**2 - 9*z - 6. Give u(-3).
3
Let m(q) = 170*q - 856. What is m(5)?
-6
Let d(s) = -2*s**2 - 76*s + 135. Give d(-40).
-25
Let v(j) = -17*j**2 + 37*j + 11. Calculate v(-1).
-43
Let h(i) = -3*i**3 + 195*i**2 - 15*i + 966. Calculate h(65).
-9
Let l(r) = -19*r + 1224. Determine l(66).
-30
Let d(s) = s**3 - 41*s**2 + 352*s - 44. Give d(12).
4
Let w(m) = -m**2 - 149*m - 3917. Calculate w(-119).
-347
Let p(z) = 2*z**3 + 31*z**2 - 6*z - 7. What is p(-15)?
308
Let y(d) = 3*d**2 - 185*d + 644. Determine y(58).
6
Let o(q) = -q**3 - 41*q**2 - 39*q + 35. Give o(-40).
-5
Let x(z) = -z**3 + 24*z**2 - 40*z - 51. Determine x(22).
37
Let n(u) = u**2 + 29*u + 202. Calculate n(-21).
34
Let v(d) = -237*d + 744. What is v(3)?
33
Let l(c) = 15*c - 61. Give l(3).
-16
Let q(u) = u**3 + 6*u**2 - 42*u - 4. Give q(0).
-4
Let u(r) = -5*r**2 + 68*r + 166. What is u(16)?
-26
Let c(w) = -2*w**2 - 670*w - 35912. Determine c(-268).
0
Let r(q) = 114*q**2 + 23483*q - 224. What is r(-206)?
-18
Let n(m) = -81*m - 454. Determine n(-10).
356
Let w(l) = l**2 - 84*l - 4795. Determine w(123).
2
Let y(v) = v**3 - 11*v**2 - 22*v + 52. Give y(14).
332
Let z(m) = -m**3 - 24*m**2 - 98*m - 35. Determine z(-19).
22
Let r(w) = w**3 - 26*w**2 - 16*w - 339. Calculate r(27).
-42
Let o(l) = 1610*l - 14548. What is o(9)?
-58
Let b(x) = -577*x - 5778. Calculate b(-10).
-8
Let c(n) = -63*n + 1038. What is c(15)?
93
Let w(i) = i**3 - 184*i**2 + 1742*i - 342. Give w(174).
6
Let u(z) = 4*z**2 - 44*z - 10. What is u(11)?
-10
Let z(c) = -c**3 + 73*c**2 - 70*c - 143. Give z(72).
1
Let j(r) = 960*r - 6724. Give j(7).
-4
Let o(b) = -b**3 + 45*b**2 - 43*b - 33. Calculate o(44).
11
Let j(q) = -8*q + 479. Determine j(15).
359
Let g(q) = -43*q - 387. Give g(-24).
645
Let v(x) = -27*x**2 + 3*x + 5. Calculate v(-2).
-109
Let l(d) = 3*d. What is l(13)?
39
Let c(q) = -26*q - 356. What is c(-11)?
-70
Let q(g) = -3*g**2 + 150*g + 150. Determine q(-1).
-3
Let o(w) = -56*w + 1679. Determine o(31).
-57
Let m(g) = 21*g - 37. Determine m(15).
278
Let p(y) = -2*y**2 - 63*y + 1761. Calculate p(18).
-21
Let w(h) = 3*h**2 - 58*h - 108. Give w(21).
-3
Let v(z) = -29*z**3 - 406*z**2 + 7*z + 44. Give v(-14).
-54
Let d(q) = 1141*q + 23958. What is d(-21)?
-3
Let b(u) = 828*u + 22359. What is b(-27)?
3
Let h(b) = 122*b + 125. Give h(-1).
3
Let h(d) = -d**3 + 11*d**2 - 2*d - 23. What is h(11)?
-45
Let l(p) = 45*p + 495. What is l(-12)?
-45
Let l(p) = 33*p - 2408. Determine l(73).
1
Let l(b) = 9*b**2 - 10*b - 93. Give l(-8).
563
Let w(m) = -2*m**2 - 3*m - 58. Calculate w(11).
-333
Let r(v) = 4*v + 44. Calculate r(-4).
28
Let f(g) = g**2 - 4*g + 25. Calculate f(-9).
142
Let z(j) = -3*j**2 + 15*j - 21. Calculate z(4).
-9
Let g(f) = -f**3 - 4*f**2 + 7*f - 104. Calculate g(-7).
-6
Let t(o) = -o**2 + 40*o - 193. What is t(35)?
-18
Let h(u) = -u**3 - 25*u**2 - 37*u - 56. Determine h(-24).
256
Let r(a) = a**2 + 61*a + 320. What is r(-5)?
40
Let b(j) = -3*j**3 - 3*j**2 - 130*j + 284. Determine b(2).
-12
Let g(q) = q**2 - 647*q + 3210. Give g(5).
0
Let b(o) = -17*o + 633. Give b(33).
72
Let z(l) = -556*l - 2880. Give z(-5).
-100
Let g(i) = -i**2 - 74*i + 4255. Calculate g(38).
-1
Let j(k) = -67*k + 185. Calculate j(3).
-16
Let p(r) = r**2 - 2*r + 9. Give p(0).
9
Let d(u) = 3563*u - 131836. Determine d(37).
-5
Let d(q) = 12*q**2 - 8*q - 11. What is d(2)?
21
Let s(z) = 5*z**3 - z**2 - 18*z + 18. Determine s(1).
4
Let q(n) = n**3 + 38*n**2 - 122*n + 52. Calculate q(-41).
11
Let q(j) = 3*j**2 - 416*j - 617. Give q(141).
370
Let l(c) = c**3 + 14*c**2 + 27*c + 30. Calculate l(-12).
-6
Let j(g) = -g**2 + 206*g - 10548. Calculate j(110).
12
Let s(k) = -22*k + 391. Give s(32).
-313
Let c(s) = s**3 + 26*s**2 + 9*s - 42. What is c(-24)?
894
Let p(a) = -a**2 + 411*a + 2930. Calculate p(-7).
4
Let r(t) = 26*t + 610. Determine r(-12).
298
Let w(t) = t**2 - 52*t - 280. Calculate w(-6).
68
Let t(a) = a**2 - 30*a + 25. What is t(22)?
-151
Let c(g) = -2*g**2 - 14*g + 448. Give c(-19).
-8
Let u(i) = 5*i**2 + 20*i + 45. Determine u(-5).
70
Let p(h) = -7*h**3 - 233*h**2 - 66*h - 2. Determine p(-33).
-2
Let c(w) = -3*w**3 + 3*w**2 - 12*w - 84. Give c(-3).
60
Let f(s) = -132*s + 487. What is f(4)?
-41
Let q(c) = c**2 - 5*c - 205. Determine q(-10).
-55
Let z(r) = -r**2 + 17*r + 3122. Determine z(-48).
2
Let y(g) = g**3 + 3*g**2 - 93*g - 180. Calculate y(-2).
10
Let j(s) = -s**3 + 8*s**2 - 113*s + 402. Calculate j(4).
14
Let r(x) = x**3 + 15*x**2 - 20*x - 78. What is r(-16)?
-14
Let i(o) = 41*o**2 - 275*o - 20. Determine i(7).
64
Let k(g) = g**3 + 48*g**2 - 110*g - 259. Calculate k(-50).
241
Let i(n) = -238*n - 5. Calculate i(-1).
233
Let w(t) = t**3 - 7*t**2 + 23*t - 151. Calculate w(7).
10
Let b(k) = -2*k**3 - 66*k**2 + 53*k - 515. Calculate b(-34).
-5
Let s(f) = f**3 + 10*f**2 - 4*f - 9. What is s(-12)?
-249
Let z(d) = -74*d - 1851. Give z(-25).
-1
Let x(a) = -a**3 + 24*a**2 - 28*a - 53. Give x(23).
-168
Let k(u) = u**2 - 23*u + 73. Determine k(17).
-29
Let p(d) = -28*d + 1231. What is p(43)?
27
Let s(r) = -3*r**2 - 97*r - 749. What is s(-22)?
-67
Let n(b) = -b**3 + 23*b**2 - 76*b - 3. Determine n(19).
-3
Let v(a) = -24*a + 970. Determine v(41).
-14
Let i(s) = s**2 - 15*s - 347. Calculate i(27).
-23
Let z(o) = o**3 - 231*o**2 + 1568*o - 17. Determine z(7).
-17
Let u(l) = 646*l + 2590. Determine u(-4).
6
Let j(m) = m**3 + 9*m**2 - 2*m - 28. Give j(-8).
52
Let y(z) = 10*z**2 - z - 3. Give y(1).
6
Let h(a) = 6*a**3 - 900*a**2 - a + 131. Calculate h(150).
-19
Let d(s) = 11*s**2 + 2086*s + 1318. Give d(-189).
-5
Let n(q) = -5*q**2 - 207*q + 208. What is n(1)?
-4
Let h(z) = -492*z + 1970. Give h(4).
2
Let x(z) = -161*z - 2. Determine x(1).
-163
Let v(x) = 5*x**3 + 6*x**2 + x + 3. Give v(-3).
-81
Let n(u) = -14*u**2 - 255*u - 59. Determine n(-18).
-5
Let j(r) = -109*r**2 + 684*r - 175. Determine j(6).
5
Let t(f) = -2613*f - 26124. Calculate t(-10).
6
Let i(j) = j**3 + 43*j**2 + 34*j - 362. Calculate i(-42).
-26
Let s(i) = -i**3 + 33*i**2 - 32*i + 44. Calculate s(32).
44
Let y(o) = o**2 + o + 3. What is y(-6)?
33
Let d(q) = 3*q**2 - 222*q - 4007. Calculate d(-15).
-2
Let r(l) = 39*l**3 - 67*l**2 - 7*l + 9. Calculate r(2).
39
Let g(v) = -v**3 + 35*v**2 - 91*v - 184. Determine g(32).
-24
Let h(s) = 32*s + 556. What is h(-16)?
44
Let a(i) = 161*i**2 - i - 4. What is a(-2)?
642
Let g(t) = -4*t**2 - 41*t - 67. Determine g(-8).
5
Let q(x) = 90*x**2 + 736*x + 24. Give q(-8).
-104
Let u(i) = 4*i - 194. What is u(44)?
-18
Let i(k) = -k**2 - 108*k - 441. What is i(-104)?
-25
Let o(x) = 2*x**3 + 16*x**2 + 9*x + 42. Give o(-8).
-30
Let z(k) = -376*k + 2541. Calculate z(7).
-91
Let n(j) = 39*j + 737. Give n(-19).
-4
Let g(x) = -199*x - 1375. Determine g(-7).
18
Let w(o) = 8318*o + 74841. Calculate w(-9).
-21
Let i(u) = 3*u**3 + 186*u**2 - 194*u - 293. What is i(-63)?
22
Let r(i) = 5*i**2 + 20*i + 26. What is r(-5)?
51
Let z(m) = 1762*m - 19390. Calculate z(11).
-8
Let h(n) = 5*n - 116. Give h(28).
24
Let u(k) = -k**2 + 70*k - 398. What is u(68)?
-262
Let b(h) = -3*h**2 - 102*h + 90. Give b(-34).
90
Let n(l) = -2*l**2 + 19*l - 1. What is n(6)?
41
Let v(a) = 5*a**2 - 199*a - 24. Give v(40).
16
Let z(p) = -p**2 - 2*p + 242. Calculate z(-16).
18
Let k(c) = -37759*c - 151027. Calculate k(-4).
9
Let d(t) = -3695*t + 40650. What is d(11)?
5
Let b(h) = 2*h**2 + 111*h + 1199. Determine b(-27).
-340
Let g(t) = -t**3 - 12*t**2 + 19*t - 357. Give g(-15).
33
Let y(k) = 65*k + 186. What is y(-3)?
-9
Let c(a) = 405*a**2 - 3275*a + 9. Give c(8).
-271
Let h(d) = -d**3 + 24*d**2 - 49*d + 98. Give h(22).
-12
Let f(w) = w**3 + 40*w**2 + 246*w + 11755. Determine f(-41).
-12
Let w(b) = -b**2 - 3*b - 9. Give w(-3).
-9
Let d(r) = r**2 - 66*r + 1078. Give d(36).
-2
Let d(u) = 5*u**2 + 28*u + 2. Give d(-5).
-13
Let r(v) = v**3 +